21. List the prime factors of (20/f)/((-1)/120).
2, 3, 5
Let k be (-10)/8 + (-9)/12. Let t = 2 - k. Suppose t*g + g = 55. List the prime factors of g.
11
Let i(q) = q**3 + 7*q**2 - 3. Let m be 4 - 6 - (0 + 2). What are the prime factors of i(m)?
3, 5
Suppose -124*s + 9840 = -116*s. What are the prime factors of s?
2, 3, 5, 41
Suppose -b - 22 = -2*g + 3*b, -3*b = g - 6. What are the prime factors of (-1213)/(-7) - g/((-189)/(-6))?
173
Suppose -50 = 10*x - 20*x. Suppose 4*p - 783 = -4*k + 7*p, 0 = 4*k - x*p - 777. What are the prime factors of k?
2, 3, 11
Let l(a) = -22*a - 5. Suppose 5*n - 29 = 2*h, 2 = -2*n + 12. Let d be l(h). Let w = 102 - d. What are the prime factors of w?
3, 7
Let j = -25 + 32. Suppose 3*h = 0, -272 = -4*t - j*h + 12*h. What are the prime factors of t?
2, 17
Suppose -8 = -6*a + 4*a. What are the prime factors of 303/a*5/((-135)/(-72))?
2, 101
What are the prime factors of 4400 + (-22)/((-22)/(-11))?
3, 7, 11, 19
Let x = -8 - -18. Suppose -j - 4*v - 13 = 0, 0 = 5*j - v + 6*v - x. Let r(g) = g**2 - 6*g - 4. List the prime factors of r(j).
3
Let k = -22 + -45. Let f = 67 - k. What are the prime factors of f?
2, 67
Let p(y) = y**3 - 5*y**2 - 6*y + 2. Let b = -15 - -21. Let a be p(b). Suppose -a*q - 45 = -4*i + q, -3*i + 4*q = -39. What are the prime factors of i?
3
Suppose -2*m + 6*m - 4*d = -4, 0 = 4*d - 16. Suppose -78 + 386 = m*i + 2*b, -4*i = 5*b - 420. What are the prime factors of i?
2, 5
Let u be (-31)/4 - (30/(-8) - -4). List the prime factors of (u + 6)/((-1)/31).
2, 31
Let u = 15 - 22. Let g be u/((-28)/(-144))*-3. Let f = g - 50. List the prime factors of f.
2, 29
Suppose -4*b = -2*b - 0*b. Let y(g) = 4*g - 6. Let i be y(5). Let u = i - b. List the prime factors of u.
2, 7
Let v(h) = -h**3 + 8*h**2 - 5*h + 14. Let n(i) = i**3 + 10*i**2 + 7*i - 12. Let m be n(-9). List the prime factors of v(m).
2, 7
Let x(q) = 4*q + 5*q - 7 - q**3 - 8*q + 4*q**2. Let p be x(6). What are the prime factors of (-2)/(0 - (-2)/p)?
73
Let w(t) = t**3 + 10*t**2 - 13*t + 5. Suppose -f + 3*f = 20. Let n = f - 21. What are the prime factors of w(n)?
3
Let p be ((-3)/2)/((-3)/(-20)). Let j be 8/p*210/(-28). Suppose -i + 295 = 4*t, j*t - 205 = 3*t - 4*i. What are the prime factors of t?
3, 5
Let m be (49 - 2 - -3)/(-2). Let p = -8 + m. Let z = p + 43. List the prime factors of z.
2, 5
Suppose 0 = -2*l - 4*b + 15 + 1799, -3*b + 1813 = 2*l. List the prime factors of l.
5, 181
List the prime factors of (8/(80/(-575)))/((-5)/20).
2, 5, 23
Let v be 2/3 + 20/15. Suppose -v*s + 90 = 30. List the prime factors of s.
2, 3, 5
Let o(a) = -3*a**2 + 4*a - 13. Let y(q) = q**2 - 2*q + 6. Let u(n) = -2*o(n) - 5*y(n). Let z = 16 - 22. What are the prime factors of u(z)?
2, 5
Suppose -m + 276 = 2*w, -3*w = -0*w - 4*m - 414. Suppose q - 3*q + k + w = 0, 59 = q + 2*k. Let u = -43 + q. What are the prime factors of u?
2, 3
Let a = 11 - 14. Let n be ((-24)/(-10))/(a/10). What are the prime factors of (-3)/(-6) + (-172)/n?
2, 11
Let p = -28 - -30. Suppose 3*m - 79 = 2*i - 23, 16 = m + p*i. Let s = m + 11. List the prime factors of s.
29
Let p(k) = 45*k**2 - 2*k - 2. Let o be 0 + 10/(-5) - -1. What are the prime factors of p(o)?
3, 5
Let x(u) = 2*u - 20. Let p be x(11). Suppose p*s = -k + 55, 2*s = -2*s - k + 115. What are the prime factors of s?
2, 3, 5
Let x = 233 + -142. List the prime factors of x.
7, 13
Let w = 631 - 263. List the prime factors of w.
2, 23
Suppose -12*j + 9*j + 423 = 0. Let q = j - 22. List the prime factors of q.
7, 17
Let z(q) = 272*q**3 + 3*q**2 - 5*q + 2. List the prime factors of z(1).
2, 17
Let p(y) = -39*y - 25. Let i(q) = q. Let v(k) = -2*i(k) - p(k). What are the prime factors of v(4)?
173
Suppose -t + 2*t - 3 = 0. Suppose -t*p - 33 + 93 = 0. List the prime factors of p.
2, 5
Let n be -2*((-10)/(-4) + -3). Suppose n = -3*h + 10. What are the prime factors of -10*76/(-30)*h?
2, 19
Let j(u) = -u + u**2 - 14 + 6*u + 4*u - 11*u. What are the prime factors of j(8)?
2, 17
Suppose 136 = -5*u + 1971. What are the prime factors of u?
367
Suppose 3*w + 25970 = 17*w. What are the prime factors of w?
5, 7, 53
Suppose -18*o + 13*o - 5 = 0. List the prime factors of (o/(-2))/(-1) + 1386/28.
7
Suppose -2*m = -3*m. Let u = 244 + -245. List the prime factors of 2 - (u + m) - -36.
3, 13
Let u(t) = -t**3 - 29*t**2 + 9*t + 36. List the prime factors of u(-30).
2, 3, 37
Suppose -12 = -4*j + 6*j. List the prime factors of (-393)/j + 3/(-2).
2
Suppose -43 - 29 = -4*w. Suppose -w*g + 207 = -15*g. What are the prime factors of g?
3, 23
Suppose 380*k = 393*k - 12701. List the prime factors of k.
977
Let s = -56 - -63. Suppose -2*w - s*n = -2*n - 197, -2*n = -2*w + 176. What are the prime factors of w?
7, 13
Let c(q) = -2*q + 0*q + 4 + 0*q. Let o be (-32)/6 + 5 + (-42)/9. List the prime factors of c(o).
2, 7
Suppose 0 = -8*z + 15*z + 84. Suppose 2 = -w + 10. Let g = w - z. List the prime factors of g.
2, 5
Let f = -15 + 12. List the prime factors of (-43)/f + (-56)/42.
13
Let l = -100 + 96. Let k(z) = -z**2 + 2*z - 1. Let d be k(2). Let s = d - l. What are the prime factors of s?
3
Let l = -30 - -82. Let i = 154 - l. What are the prime factors of i?
2, 3, 17
Let w be -1*-2*2/4. Let u(o) = -2*o**3 - o**2 + 2*o - 1. Let c be u(w). List the prime factors of c/5*(-27 - 3).
2, 3
Suppose 41*n - 12826 = 63967. What are the prime factors of n?
1873
Suppose -4*j - 8 = 4*d, -9 - 5 = -5*j + d. Suppose -l - j = -23. List the prime factors of l.
3, 7
Let x = 25 - 26. List the prime factors of (x - (-34)/10)/((-33)/(-110)).
2
Let g(d) = 2*d**2 + 12*d - 9. Let c be g(-7). Suppose 4*f - 4 - 145 = -h, -c*h - 15 = 0. What are the prime factors of f?
2, 19
Suppose -3*g = 3*j - 0*j + 90, g = 4*j + 140. What are the prime factors of j/(-1)*(-3)/(-2)?
3, 17
List the prime factors of (30/(-21))/(6/(-714)).
2, 5, 17
Let l(j) = 3 - 12*j - 20*j + 26*j. Let u be l(6). Let k = 74 + u. List the prime factors of k.
41
Suppose -g + 5*o = -5*g + 1329, -g - 5*o = -321. What are the prime factors of g?
2, 3, 7
Suppose -3*p + 760 = 2*p. Suppose 9 + 1 = 2*z. Suppose -a = -z*a + p. What are the prime factors of a?
2, 19
Let a = 55 - 65. List the prime factors of ((-3136)/a)/8 - (-1)/(-5).
3, 13
Let q = 4916 + -3470. List the prime factors of q.
2, 3, 241
Let j be 2*(-3)/((-6)/5). Let r(z) = z**3 - 4*z**2 + 5*z + 2. Let l be r(j). Suppose 21 = -k + l. List the prime factors of k.
31
Suppose 45054 = -89*c + 312054. What are the prime factors of c?
2, 3, 5
Let f = 22 - 12. Suppose -5*b = -p + 17, 2*b - 20 = 6*b. List the prime factors of (p/f)/(5/(-225)).
2, 3
Let s(i) = -11*i + 23. Let n(d) = -17*d + 35. Let r(m) = -5*n(m) + 8*s(m). List the prime factors of r(-7).
2, 3, 5
Suppose 4*d = 2*a - 4, 0 = -4*a - 2*d + 3*d - 6. List the prime factors of (32/40)/(a/(-210)).
2, 3, 7
Let o be (45/35 + -3)/(2/(-7)). Suppose 368 - 110 = o*b. List the prime factors of b.
43
Let m(q) be the third derivative of 0 + 0*q + 1/8*q**4 + 1/30*q**5 + 1/2*q**3 + 5*q**2. List the prime factors of m(-4).
23
Suppose -2*d + 541 + 325 = 0. Let x = 631 - d. List the prime factors of x.
2, 3, 11
What are the prime factors of ((-35)/10*-5)/(1/72)?
2, 3, 5, 7
Suppose -17*i + 11*i = -1320. Suppose -2*k + 87 = -221. Suppose -5*a - k = -3*d - 3*a, 0 = -5*d - 4*a + i. List the prime factors of d.
2, 3
Let u(s) = s**2 - s - 7. Let n be u(0). Let t = n + 17. Let x = t + 0. What are the prime factors of x?
2, 5
Suppose 19*y - 14502 = 6379. List the prime factors of y.
7, 157
Suppose -7*z + 6 = -9*z. Let w = z + 5. Suppose -2*i + 136 = 5*k, k + 5*i = w*i + 22. What are the prime factors of k?
2, 7
Let m be ((-32)/(-6))/((-5)/(7065/(-6))). Suppose 0*a - m = -4*a. List the prime factors of a.
2, 157
Suppose -50*q + 12412 = -21*q. What are the prime factors of q?
2, 107
Let c(p) = 2*p - 47. Let d be c(26). Let t(x) = 13*x**2 + 3*x - 42. List the prime factors of t(d).
2, 149
Suppose 77 = 5*m - 3*z, 5*m + 3*z - 81 = 2*z. Let u = m - 11. Suppose -u*s + 302 - 52 = 0. What are the prime factors of s?
2, 5
What are the prime factors of 4206/8 - 1 - 18/(-72)?
3, 5, 7
Suppose -2*n - n - v = -22, -3*v = -5*n + 46. Let u = n - -6. Suppose p = -6*p + u. List the prime factors of p.
2
List the prime factors of (4 - 2) + -8*(-24)/32.
2
Suppose 138 = 